[INFO] cloning repository https://github.com/Majoolwip/fml
[INFO] running `Command { std: "git" "-c" "credential.helper=" "-c" "credential.helper=/workspace/cargo-home/bin/git-credential-null" "clone" "--bare" "https://github.com/Majoolwip/fml" "/workspace/cache/git-repos/https%3A%2F%2Fgithub.com%2FMajoolwip%2Ffml", kill_on_drop: false }`
[INFO] [stderr] Cloning into bare repository '/workspace/cache/git-repos/https%3A%2F%2Fgithub.com%2FMajoolwip%2Ffml'...
[INFO] running `Command { std: "git" "rev-parse" "HEAD", kill_on_drop: false }`
[INFO] [stdout] 6995adb4a1f44b04b3987181c8fd2a2bdf9e600d
[INFO] building Majoolwip/fml against master#881c1ac408d93bb7adaa3a51dabab9266e82eee8 for issue-85264
[INFO] running `Command { std: "git" "clone" "/workspace/cache/git-repos/https%3A%2F%2Fgithub.com%2FMajoolwip%2Ffml" "/workspace/builds/worker-5/source", kill_on_drop: false }`
[INFO] [stderr] Cloning into '/workspace/builds/worker-5/source'...
[INFO] [stderr] done.
[INFO] validating manifest of git repo https://github.com/Majoolwip/fml on toolchain 881c1ac408d93bb7adaa3a51dabab9266e82eee8
[INFO] running `Command { std: "/workspace/cargo-home/bin/cargo" "+881c1ac408d93bb7adaa3a51dabab9266e82eee8" "metadata" "--manifest-path" "Cargo.toml" "--no-deps", kill_on_drop: false }`
[INFO] started tweaking git repo https://github.com/Majoolwip/fml
[INFO] finished tweaking git repo https://github.com/Majoolwip/fml
[INFO] tweaked toml for git repo https://github.com/Majoolwip/fml written to /workspace/builds/worker-5/source/Cargo.toml
[INFO] crate git repo https://github.com/Majoolwip/fml already has a lockfile, it will not be regenerated
[INFO] running `Command { std: "/workspace/cargo-home/bin/cargo" "+881c1ac408d93bb7adaa3a51dabab9266e82eee8" "fetch" "--manifest-path" "Cargo.toml", kill_on_drop: false }`
[INFO] running `Command { std: "docker" "create" "-v" "/var/lib/crater-agent-workspace/builds/worker-5/target:/opt/rustwide/target:rw,Z" "-v" "/var/lib/crater-agent-workspace/builds/worker-5/source:/opt/rustwide/workdir:ro,Z" "-v" "/var/lib/crater-agent-workspace/cargo-home:/opt/rustwide/cargo-home:ro,Z" "-v" "/var/lib/crater-agent-workspace/rustup-home:/opt/rustwide/rustup-home:ro,Z" "-e" "SOURCE_DIR=/opt/rustwide/workdir" "-e" "CARGO_TARGET_DIR=/opt/rustwide/target" "-e" "CARGO_HOME=/opt/rustwide/cargo-home" "-e" "RUSTUP_HOME=/opt/rustwide/rustup-home" "-w" "/opt/rustwide/workdir" "-m" "1610612736" "--user" "0:0" "--network" "none" "ghcr.io/rust-lang/crates-build-env/linux@sha256:20528e8c29e4536546f0102ce88568b16ea7538393a33fcca951030f7af10457" "/opt/rustwide/cargo-home/bin/cargo" "+881c1ac408d93bb7adaa3a51dabab9266e82eee8" "metadata" "--no-deps" "--format-version=1", kill_on_drop: false }`
[INFO] [stdout] 4900f84f971019bdaf659bb48695dc82bcf97259f97732e91b9363663c37f048
[INFO] [stderr] WARNING: Your kernel does not support swap limit capabilities or the cgroup is not mounted. Memory limited without swap.
[INFO] running `Command { std: "docker" "start" "-a" "4900f84f971019bdaf659bb48695dc82bcf97259f97732e91b9363663c37f048", kill_on_drop: false }`
[INFO] running `Command { std: "docker" "inspect" "4900f84f971019bdaf659bb48695dc82bcf97259f97732e91b9363663c37f048", kill_on_drop: false }`
[INFO] running `Command { std: "docker" "rm" "-f" "4900f84f971019bdaf659bb48695dc82bcf97259f97732e91b9363663c37f048", kill_on_drop: false }`
[INFO] [stdout] 4900f84f971019bdaf659bb48695dc82bcf97259f97732e91b9363663c37f048
[INFO] running `Command { std: "docker" "create" "-v" "/var/lib/crater-agent-workspace/builds/worker-5/target:/opt/rustwide/target:rw,Z" "-v" "/var/lib/crater-agent-workspace/builds/worker-5/source:/opt/rustwide/workdir:ro,Z" "-v" "/var/lib/crater-agent-workspace/cargo-home:/opt/rustwide/cargo-home:ro,Z" "-v" "/var/lib/crater-agent-workspace/rustup-home:/opt/rustwide/rustup-home:ro,Z" "-e" "SOURCE_DIR=/opt/rustwide/workdir" "-e" "CARGO_TARGET_DIR=/opt/rustwide/target" "-e" "CARGO_INCREMENTAL=0" "-e" "RUST_BACKTRACE=full" "-e" "RUSTFLAGS=--cap-lints=forbid" "-e" "CARGO_HOME=/opt/rustwide/cargo-home" "-e" "RUSTUP_HOME=/opt/rustwide/rustup-home" "-w" "/opt/rustwide/workdir" "-m" "1610612736" "--user" "0:0" "--network" "none" "ghcr.io/rust-lang/crates-build-env/linux@sha256:20528e8c29e4536546f0102ce88568b16ea7538393a33fcca951030f7af10457" "/opt/rustwide/cargo-home/bin/cargo" "+881c1ac408d93bb7adaa3a51dabab9266e82eee8" "build" "--frozen" "--message-format=json", kill_on_drop: false }`
[INFO] [stdout] 84d23f50dc5983216d25fba994d8cfe0e66ecd581e51ec3cf0700b7b480b63e7
[INFO] [stderr] WARNING: Your kernel does not support swap limit capabilities or the cgroup is not mounted. Memory limited without swap.
[INFO] running `Command { std: "docker" "start" "-a" "84d23f50dc5983216d25fba994d8cfe0e66ecd581e51ec3cf0700b7b480b63e7", kill_on_drop: false }`
[INFO] [stderr]    Compiling cfg-if v0.1.7
[INFO] [stderr]    Compiling fml v0.1.0 (/opt/rustwide/workdir)
[INFO] [stdout] error[E0308]: mismatched types
[INFO] [stdout]   --> src/shapes/mod.rs:38:44
[INFO] [stdout]    |
[INFO] [stdout] 38 |                 let dd = ray.direction.dot(ray.direction);
[INFO] [stdout]    |                                            ^^^^^^^^^^^^^
[INFO] [stdout]    |                                            |
[INFO] [stdout]    |                                            expected `&Vec3`, found struct `Vec3`
[INFO] [stdout]    |                                            help: consider borrowing here: `&ray.direction`
[INFO] [stdout] 
[INFO] [stdout] 
[INFO] [stdout] error[E0308]: mismatched types
[INFO] [stdout]   --> src/shapes/mod.rs:40:40
[INFO] [stdout]    |
[INFO] [stdout] 40 |                     (ray.direction.dot(dist)).powi(2) - dd * (dist.dot(dist) - radius.powi(2));
[INFO] [stdout]    |                                        ^^^^
[INFO] [stdout]    |                                        |
[INFO] [stdout]    |                                        expected `&Vec3`, found struct `Vec3`
[INFO] [stdout]    |                                        help: consider borrowing here: `&dist`
[INFO] [stdout] 
[INFO] [stdout] 
[INFO] [stdout] error[E0308]: mismatched types
[INFO] [stdout]   --> src/shapes/mod.rs:40:72
[INFO] [stdout]    |
[INFO] [stdout] 40 |                     (ray.direction.dot(dist)).powi(2) - dd * (dist.dot(dist) - radius.powi(2));
[INFO] [stdout]    |                                                                        ^^^^
[INFO] [stdout]    |                                                                        |
[INFO] [stdout]    |                                                                        expected `&Vec3`, found struct `Vec3`
[INFO] [stdout]    |                                                                        help: consider borrowing here: `&dist`
[INFO] [stdout] 
[INFO] [stdout] 
[INFO] [stdout] error[E0308]: mismatched types
[INFO] [stdout]   --> src/shapes/mod.rs:45:53
[INFO] [stdout]    |
[INFO] [stdout] 45 |                     t = (ray.direction.negate().dot(dist) - discriminant.sqrt()) / dd;
[INFO] [stdout]    |                                                     ^^^^
[INFO] [stdout]    |                                                     |
[INFO] [stdout]    |                                                     expected `&Vec3`, found struct `Vec3`
[INFO] [stdout]    |                                                     help: consider borrowing here: `&dist`
[INFO] [stdout] 
[INFO] [stdout] 
[INFO] [stdout] error[E0308]: mismatched types
[INFO] [stdout]   --> src/shapes/mod.rs:50:53
[INFO] [stdout]    |
[INFO] [stdout] 50 |                     t = (ray.direction.negate().dot(dist) - discriminant.sqrt()) / dd;
[INFO] [stdout]    |                                                     ^^^^
[INFO] [stdout]    |                                                     |
[INFO] [stdout]    |                                                     expected `&Vec3`, found struct `Vec3`
[INFO] [stdout]    |                                                     help: consider borrowing here: `&dist`
[INFO] [stdout] 
[INFO] [stdout] 
[INFO] [stdout] error[E0308]: mismatched types
[INFO] [stdout]   --> src/shapes/mod.rs:52:57
[INFO] [stdout]    |
[INFO] [stdout] 52 |                         t = (ray.direction.negate().dot(dist) + discriminant.sqrt()) / dd;
[INFO] [stdout]    |                                                         ^^^^
[INFO] [stdout]    |                                                         |
[INFO] [stdout]    |                                                         expected `&Vec3`, found struct `Vec3`
[INFO] [stdout]    |                                                         help: consider borrowing here: `&dist`
[INFO] [stdout] 
[INFO] [stdout] 
[INFO] [stdout] error[E0308]: mismatched types
[INFO] [stdout]   --> src/shapes/mod.rs:66:45
[INFO] [stdout]    |
[INFO] [stdout] 66 |                 let dot = ray.direction.dot(*normal);
[INFO] [stdout]    |                                             ^^^^^^^
[INFO] [stdout]    |                                             |
[INFO] [stdout]    |                                             expected `&Vec3`, found struct `Vec3`
[INFO] [stdout]    |                                             help: consider borrowing here: `&*normal`
[INFO] [stdout] 
[INFO] [stdout] 
[INFO] [stdout] error[E0308]: mismatched types
[INFO] [stdout]   --> src/shapes/mod.rs:70:56
[INFO] [stdout]    |
[INFO] [stdout] 70 |                     let t = (*origin - ray.origin).dot(*normal) / dot;
[INFO] [stdout]    |                                                        ^^^^^^^
[INFO] [stdout]    |                                                        |
[INFO] [stdout]    |                                                        expected `&Vec3`, found struct `Vec3`
[INFO] [stdout]    |                                                        help: consider borrowing here: `&*normal`
[INFO] [stdout] 
[INFO] [stdout] 
[INFO] [stdout] error: aborting due to 8 previous errors
[INFO] [stdout] 
[INFO] [stdout] 
[INFO] [stdout] For more information about this error, try `rustc --explain E0308`.
[INFO] [stdout] 
[INFO] [stderr] error: could not compile `fml`
[INFO] [stderr] 
[INFO] [stderr] To learn more, run the command again with --verbose.
[INFO] running `Command { std: "docker" "inspect" "84d23f50dc5983216d25fba994d8cfe0e66ecd581e51ec3cf0700b7b480b63e7", kill_on_drop: false }`
[INFO] running `Command { std: "docker" "rm" "-f" "84d23f50dc5983216d25fba994d8cfe0e66ecd581e51ec3cf0700b7b480b63e7", kill_on_drop: false }`
[INFO] [stdout] 84d23f50dc5983216d25fba994d8cfe0e66ecd581e51ec3cf0700b7b480b63e7
